5) in base 3?
220022
What is 149a5 (base 12) in base 11?
1a927
Convert 1323 (base 9) to base 14.
50d
Convert 100010101100 (base 2) to base 7.
6321
What is -11001001110 (base 2) in base 10?
-1614
Convert -44021 (base 7) to base 9.
-16062
Convert 8849 (base 11) to base 8.
26625
-2243 (base 6) to base 2
-1000010011
What is -212012110 (base 3) in base 13?
-7911
Convert -63226 (base 8) to base 9.
-40020
Convert 17650 (base 11) to base 4.
12002203
What is b20 (base 12) in base 9?
2176
Convert 40233 (base 5) to base 16.
a08
3103 (base 4) to base 6
551
What is -312002 (base 4) in base 8?
-6602
Convert 5416 (base 8) to base 4.
230032
-100112 (base 3) to base 4
-10001
Convert 5910 (base 11) to base 5.
222010
Convert 111110 (base 2) to base 13.
4a
What is 11303 (base 4) in base 2?
101110011
-8682 (base 11) to base 8
-26310
-79 (base 10) to base 13
-61
What is -13414 (base 7) in base 12?
-2131
Convert 4023 (base 5) to base 9.
630
Convert 436c (base 14) to base 9.
16885
Convert 10341 (base 6) to base 12.
9b1
-cc (base 13) to base 14
-c0
382 (base 13) to base 2
1001100101
What is -2120122022 (base 3) in base 5?
-3111033
Convert 110d (base 15) to base 12.
2111
What is -10010100010 (base 2) in base 11?
-989
What is -1198 (base 12) in base 14?
-a20
-111052 (base 7) to base 16
-4c84
What is -a256 (base 12) in base 9?
-26163
-31565 (base 10) to base 13
-114a1
Convert -204411 (base 5) to base 7.
-25663
100000001110100 (base 2) to base 14
6028
Convert -10312031 (base 4) to base 9.
-30208
Convert 64 (base 14) to base 10.
88
Convert -10011111111000 (base 2) to base 15.
-3072
Convert -3013021 (base 4) to base 7.
-52105
-1817 (base 13) to base 15
-10ce
-2514 (base 6) to base 2
-1001101110
What is -3312 (base 4) in base 7?
-501
111000000111 (base 2) to base 9
4830
What is -1100110100011 (base 2) in base 12?
-396b
What is -4889 (base 10) in base 6?
-34345
What is -1022021 (base 3) in base 6?
-4224
-877 (base 10) to base 11
-728
What is 22113 (base 5) in base 6?
11033
333321 (base 4) to base 7
14631
a19 (base 12) to base 6
10433
Convert 1135 (base 9) to base 7.
2312
Convert -165 (base 9) to base 11.
-118
Convert -bb5 (base 12) to base 9.
-2322
What is 3340 (base 5) in base 11?
398
What is 16a27 (base 12) in base 6?
410451
Convert 47c (base 15) to base 13.
603
Convert 11010011000100 (base 2) to base 4.
3103010
-402 (base 7) to base 6
-530
Convert 111331 (base 4) to base 5.
21110
3989 (base 16) to base 7
60641
Convert 20221121 (base 3) to base 16.
13c9
Convert 2002112 (base 3) to base 7.
4310
Convert -142267 (base 9) to base 14.
-239a6
What is ca (base 13) in base 16?
a6
What is 322 (base 9) in base 16?
107
Convert 135442 (base 7) to base 5.
1312301
215001 (base 6) to base 4
10120021
1490 (base 11) to base 12
1136
Convert -1817a (base 11) to base 5.
-1303442
bc43 (base 14) to base 16
7f53
Convert 14715 (base 9) to base 10.
10058
Convert 3a68 (base 11) to base 9.
7213
What is -342101 (base 5) in base 16?
-2f77
-41233 (base 10) to base 6
-514521
What is 12825 (base 9) in base 16?
21f2
What is -211 (base 6) in base 13?
-61
210 (base 11) to base 3
100101
Convert -101110111011 (base 2) to base 9.
-4106
What is 102311 (base 6) in base 12?
4997
What is -15666 (base 9) in base 6?
-121440
-66707 (base 8) to base 6
-334035
-40c (base 16) to base 15
-491
-1491 (base 11) to base 9
-2557
56 (base 11) to base 9
67
a541 (base 14) to base 12
14591
What is 105224 (base 6) in base 11?
67a1
Convert -2031422 (base 5) to base 10.
-33362
Convert 4215 (base 13) to base 12.
5360
Convert -20300 (base 6) to base 13.
-12c9
10012110 (base 3) to base 11
1832
-43352 (base 7) to base 8
-25101
What is 111010 (base 4) in base 12?
944
What is 3b88 (base 12) in base 7?
26015
-11332 (base 11) to base 2
-11111111110010
1010100011010 (base 2) to base 5
133102
Convert -5995 (base 11) to base 7.
-31611
1021212101 (base 3) to base 2
110001101001001
1817 (base 12) to base 14
10b1
What is 1302130 (base 4) in base 13?
3445
9714 (base 10) to base 15
2d29
-10001210110 (base 3) to base 13
-2161b
13241 (base 7) to base 14
1421
Convert a6a (base 11) to base 6.
5542
-20985 (base 10) to base 2
-101000111111001
-1241233 (base 5) to base 3
-1020200221
Convert 54104 (base 6) to base 4.
1303120
-1111001111011 (base 2) to base 8
-17173
Convert -445 (base 13) to base 14.
-3a5
Convert -259 (base 15) to base 10.
-534
-288a (base 11) to base 8
-7220
Convert -10791 (base 12) to base 3.
-1002222101
Convert 143 (base 9) to base 2.
1111000
-4252 (base 10) to base 5
-114002
What is -1234 (base 6) in base 8?
-466
Convert 1783 (base 10) to base 13.
a72
-28b (base 13) to base 7
-1215
Convert 2549 (base 12) to base 8.
10211
-59 (base 16) to base 14
-65
10232 (base 6) to base 15
628
-1066 (base 7) to base 5
-3031
-25504 (base 12) to base 10
-50836
-21211 (base 3) to base 7
-421
10721 (base 9) to base 5
212042
-36543 (base 8) to base 2
-11110101100011
-2200131 (base 4) to base 16
-281d
What is 7160 (base 8) in base 5?
104241
-1124 (base 6) to base 5
-2033
What is -6664 (base 8) in base 4?
-312310
What is 20321 (base 8) in base 11?
6348
Convert 3c2c (base 13) to base 16.
21d1
Convert -4666 (base 9) to base 10.
-3462
Convert -340c (base 15) to base 14.
-4045
What is -459 (base 14) in base 6?
-3555
Convert 9240 (base 10) to base 3.
110200020
-212000201 (base 3) to base 7
-66640
What is 6a9 (base 11) in base 6?
3525
Convert 5ad (base 14) to base 13.
692
-312 (base 4) to base 5
-204
Convert 73655 (base 10) to base 16.
11fb7
1408d (base 15) to base 10
64258
Convert -14602 (base 15) to base 10.
-65477
Convert 10100010111001 (base 2) to base 15.
3150
What is 13b (base 15) in base 9?
342
-111100011001001 (base 2) to base 11
-21260
Convert -323 (base 15) to base 14.
-388
47021 (base 10) to base 7
254042
What is 60143 (base 7) in base 9?
21775
What is -266 (base 9) in base 2?
-11011110
What is 6419 (base 13) in base 2?
11011000111000
What is -1870 (base 14) in base 3?
-20001100
Convert -22400 (base 7) to base 13.
-2783
-37 (base 15) to base 8
-64
What is 102010120 (base 3) in base 12?
4843
What is 1161 (base 10) in base 13?
6b4
-9719 (base 11) to base 2
-11001000101110
Convert 2671 (base 13) to base 7.
22015
What is -4305 (base 7) in base 4?
-113310
Convert d57 (base 15) to base 4.
232333
Convert 28272 (base 10) to base 9.
42703
What is -2550 (base 16) in base 8?
-22520
Convert 21141 (base 5) to base 7.
4100
Convert 20020 (base 3) to base 12.
120
Convert 11030310 (base 4) to base 7.
116046
-1101011100111110 (base 2) to base 7
-316435
What is 1000102 (base 3) in base 6?
3232
What is -33402 (base 10) in base 13?
-12285
What is -2262 (base 13) in base 9?
-6536
What is 2732 (base 14) in base 8?
15370
What is -118 (base 10) in base 7?
-226
Convert -1424 (base 12) to base 4.
-210130
Convert 101614 (base 7) to base 3.
212221111
381 (base 13) to base 2
1001100100
-1211111 (base 4) to base 7
-24623
5ea (base 15) to base 13
7c6
-73c (base 15) to base 14
-848
-dcc (base 16) to base 15
-10a7
Convert -6da (base 16) to base 8.
-3332
What is 387 (base 12) in base 13?
322
-1324 (base 7) to base 8
-774
Convert -83 (base 14) to base 8.
-163
What is -c47 (base 13) in base 12?
-125b
What is -13113201 (base 4) in base 12?
-15569
What is 13520 (base 8) in base 11?
4536
Convert -184e (base 15) to base 14.
-1cad
What is 54036 (base 7) in base 10?
13404
1778 (base 10) to base 6
12122
Convert 201143 (base 5) to base 3.
22210220
-3893 (base 11) to base 13
-23c6
Convert -4261 (base 15) to base 11.
-a605
What is 159 (base 11) in base 14?
d3
Convert -102212011 (base 3) to base 7.
-34126
Convert -234 (base 12) to base 2.
-101001000
What is 1011111101001011 (base 2) in base 3?
2111011202
Convert -1721 (base 9) to base 3.
-1210201
What is b853 (base 12) in base 7?
112650
-b82 (base 12) to base 2
-11010010010
2552 (base 7) to base 14
4d2
-2100010 (base 3) to base 8
-3250
42a (base 12) to base 6
2454
-1100222001 (base 3) to base 16
-6943
Convert 2133002 (base 5) to base 12.
19243
What is -263 (base 15) in base 4?
-20133
What is 375 (base 14) in base 7?
2005
Convert 21111 (base 10) to base 3.
1001221220
What is 3246 (base 11) in base 12?
2591
What is 3c4 (base 15) in base 5?
11414
What is 10011001000 (base 2) in base 10?
1224
What is 101001010101101 (base 2) in base 6?
241553
What is